4))) + -5?
1
Calculate 3 - (5 + -5) - (3 - (1 + 19)).
20
What is 14 - (7 + 13) - (3 + -5 + 6)?
-10
What is the value of (25 - 18) + 9 + 2?
18
What is 1 + -6 - (-1 - 0 - (17 - 21))?
-8
Calculate 5 + 0 + -4 - (13 - (10 + -2)).
-4
What is 0 + 2 + 7 + -6 - (48 - 56)?
11
What is the value of 5 - (10 + -5) - (-7 + 3)?
4
16 - 24 - (-13 - -2)
3
(-886 - -860) + (17 - 1)
-10
What is the value of -1 + 1 + -5 + -3 + 7 - 7?
-8
Calculate (-13 - -25) + 2 + -14 + 6 + -3.
3
Evaluate -15 - (0 + -14) - 19 - -40.
20
What is -43 + 59 + -3 + -22?
-9
Calculate ((1 - -3) + -12 - -2) + -27 + 45.
12
Calculate 2 + -1 + 0 + 2 + 3 + 2.
8
Evaluate 6 - (-8 - (-35 + 9 + -3)) - 5.
-20
What is -24 + 14 + -20 + (0 - 3) + 8?
-25
Evaluate 25 + -19 + (-1 - 3) - (-71 + 52).
21
What is the value of -24 + 3 + 9 + -2 + 2?
-12
What is the value of (-7 + -1 - -12) + 2 + 5?
11
Calculate -2 + -2 + 1 - (-93 - (118 + -202)).
6
Evaluate -2 + -9 - (5 + (-10 - -9) + -10).
-5
What is the value of (-20 - (0 + -17)) + (2 - -25)?
24
Evaluate 4 - (-6 - -10) - (-9 - -2) - 8.
-1
Calculate 7 + -11 - (-6 + 31).
-29
What is -57 - (3 - (76 + -42))?
-26
What is the value of (2 - (8 + 2 + -1)) + -1132 + 1146?
7
What is 19 - ((6 - -6) + 14)?
-7
What is 25 + 6 + -44 + 33?
20
Evaluate -2 + 8 - (5 + -29 + 30).
0
What is (4 - 2) + 0 - (8 - (10 + 4))?
8
-18 - (-24 + 21 - 6)
-9
Calculate (8 - (-11 + 1)) + -4 + -4.
10
What is the value of -7 + 5 + 9 - 4 - (11 + -1)?
-7
What is -10 + 19 + (7 - 8)?
8
19 + 0 - (447 + -464) - -2
38
4 + 3 + -4 + -2 + -7 - 2
-8
Evaluate -7 + 9 + 3 + (-5 - (-16 + 3)).
13
Calculate 22 + -4 + -5 + -4 - 14.
-5
Evaluate -2 + (5 - 2) + (-6 - -17).
12
Calculate -1 + -10 + 7 + 5 + -7.
-6
What is the value of 63 + -83 - (-11 - (7 + -1))?
-3
Calculate -11 + -6 + -56 + 98.
25
What is the value of -30 - -34 - -6 - 1?
9
Calculate 3 + (4 - 3) - (-237 - -225).
16
7 + (1 - (11 + (3 - 9)))
3
Calculate 2 - -6 - (2 - 11 - -6 - 2).
13
Calculate (7 - (-7 + 16)) + (-2 - -17).
13
What is the value of (-1 - 10) + 0 + 0 - (-63 + 62)?
-10
4 + (0 - 8) + (13 + -19 - -6)
-4
Evaluate 63 + -50 - 25 - (1 + -5).
-8
Evaluate -3 - -6 - 10 - (-4 - (2 - 4)).
-5
What is the value of -10 + -5 + 25 + 3?
13
What is the value of (29 - 35 - (-1 - 2)) + 15?
12
1 + -1 - (52 - 46) - (0 + -1)
-5
What is the value of -7 + -30 + -32 + 54?
-15
What is -1 + (-10 - (-15 + 20)) - -25?
9
Calculate -2 + 13 + (-6 - -1) - 9.
-3
What is 19 + -24 + 14 + -1?
8
What is the value of -11 + -23 + -2 + (101 - 88)?
-23
Evaluate 17 - (-25 + 28) - 11.
3
4 + (-4 - (4 + (-10 - -4)))
2
Calculate (-3 - -6) + (-4 - (0 - 2)).
1
What is the value of (-15 + 17 - (0 - 5)) + (40 - 67)?
-20
Calculate (21 - (-16 - -39)) + 15.
13
Evaluate (10 - 27) + 13 - -1 - (-15 - -1).
11
What is (-15 + 7 - -19) + -9 - (5 - 1)?
-2
Evaluate -26 + (0 - -3 - -20).
-3
Calculate 89 + -82 + (-12 - 1) + -7.
-13
Calculate (15 - -10) + (3 + 2 - 20).
10
What is -4 + -1 - (-20 + -10 + 28)?
-3
What is the value of -6 + (28 - 8 - 17)?
-3
Calculate 0 + -1 + 3 + -39 + 29.
-8
Calculate (3 - (-1 - -2)) + (-738 - -727).
-9
What is (10 - 13) + (11 - (8 + -14 + 13))?
1
Calculate (-9 - -2 - -5) + (-13 - 0) - -5.
-10
Calculate 43 + -87 - -41 - (18 + -1).
-20
Calculate 81 + -54 - 23 - (-27 + 0).
31
Calculate -7 + -1 + -2 + 15 + (-6 - 19).
-20
Calculate 803 - 826 - (1 + (-15 - 3)).
-6
Evaluate -38 + 21 + 70 + -80.
-27
What is 1 - 11 - (-221 + 200 + -1 + 15)?
-3
Evaluate 492 - 519 - (-47 - 0).
20
-30 + -5 + 70 + -29
6
What is the value of (-5 - -14 - 21) + 27 - 43?
-28
Calculate 14 + (-16 - -4 - 5) + 3.
0
23 - 0 - (-15 - 20 - -43)
15
Calculate 2 - ((22 - 34) + (1 - (1 + 0))).
14
Evaluate -10 + (1 - (7 - 18)).
2
What is the value of -53 + 33 + (-7 - -26)?
-1
0 + 1 - ((-11 - 11) + 9 + 9)
5
Evaluate (-4 - 13 - (-31 - -26)) + 14.
2
(7 - -1) + -12 + -4 + (-1 - -3)
-6
Calculate -84 + 82 + (-3 - -14 - 3).
6
Evaluate -3 + (-1 + -9 - -35) + -10.
12
What is the value of 0 + 3 + 33 - 20?
16
What is 8 + -1 + (-3 - (18 - 20)) + 21?
27
What is the value of -5 + -5 + -2 + 0 - -6 - 5?
-11
Calculate 0 + 6 - -3 - (-28 - -48).
-11
What is the value of -18 + (3 + -1 - (38 - 29 - 6))?
-19
21 + -9 + -13 + -9
-10
What is -10 + (13 + -1 + 0 - (-54 - -15))?
41
What is the value of -5 + -23 + -4 + (2 - (4 - 11))?
-23
Calculate -15 + (-2 - 1 - (-2 + (1 - 4))).
-13
32 + 15 - (-7 + -5 + 21)
38
What is the value of (-183 + 181 - (-6 - (1 + -1))) + -5?
-1
What is 3 + 0 + -3 + -2 + (-42 - -47)?
3
What is the value of -34 - -1 - (67 - 118)?
18
3 + (51 - 71 - (-6 + 1)) + 3
-9
What is the value of 0 - 7 - (2 + (19 - (-19 - -38)))?
-9
Evaluate -1 + -5 + -360 + 363.
-3
What is -4 + (11 - (40 - 18)) + 1 + 5?
-9
Evaluate -237 + 256 - (48 - 2).
-27
Calculate -13 + (-20 - (-3 - 21)).
-9
What is -13 + 39 - 22 - (1 - 1)?
4
What is the value of -9 - ((16 - 5) + -31)?
11
What is (-3 + 24 - (34 + -24)) + -8?
3
-3 + (-5 - -5 - 5 - -17 - 5)
4
What is -4 + -5 + -2 + -1 + (-20 - -19)?
-13
8 + (-8 - (-3 - -6))
-3
Evaluate -5 + 5 + -2 + 7 - (7 - 0).
-2
4 + 6 + -9 - (-1 - -8)
-6
What is -16 - -5 - (-1 + -4 + -2)?
-4
-10 - (-20 - (22 - 22)) - (-4 + 1)
13
Evaluate -16 + (1 - (-22 + 9) - 7) + 25.
16
(5 - -2) + 14 + -43 - (-2 + 11)
-31
Calculate 5 + -35 + 16 + 15 - 14.
-13
What is 32 + 4 + 0 + -2 + -4 + -4?
26
Evaluate (-4 - 0) + (-18 - (0 - 21)) - 18.
-19
What is the value of (20 - 37 - -21) + (22 - 6)?
20
-9 - -1 - ((1 - 0 - 13) + -6)
10
Evaluate 9 + (-22 + 24 - 20).
-9
(1 + 5 - 0) + (-18 - -9) - 6
-9
Evaluate 19 - 8 - -3 - 9 - (-1 + 2).
4
What is the value of (1 - -12) + -31 + 18 - 12?
-12
-1 + 1 + 5 - (1941 - 1914)
-22
What is -2 + (-2 + -8 - (-2 + 0)) - -3?
-7
Calculate 22 + -10 + -8 + (-8 - -3) + 6.
5
0 - (6 + -2 + 0 + -1 + 4)
-7
What is (176 - 179) + -1 + -1?
-5
19 + -12 + (-13 - (-13 + 8))
-1
What is the value of (-6 + 9 - (-6 - 5)) + -9?
5
What is -8 + 12 + -9 - (0 - 15)?
10
Calculate (5 - (25 - -8)) + 13.
-15
Calculate (53 - 25) + (-2 - 10) - 1.
15
What is the value of (-8 - -2) + -6 + 20 + -7 + 6?
7
Evaluate 19 + -13 + 20 + -12.
14
-10 + 13 + 1 + (10 - -1)
15
What is -9 + -33 + 52 + (-3 - 24)?
-17
What is (32 - 40) + (-1 - -19) + 2?
12
Evaluate (3 - 2) + -7 - (2 + (2 - 20)).
10
What is -7 + 25 + -21 + 1?
-2
Evaluate (-3 - 8) + (28 - 18 - (9 - 2)).
-8
Calculate 193 + -179 - (1 + -2).
15
What is 2 - (7 + -15 - (-9 + 2))?
3
-1 + -2 - (-28 + 56)
-31
Calculate 6 - (7 + -12 + (-5 - -5)).
11
Evaluate (-13 - 2) + (1 - (2 + -2 + -3)).
-11
Calculate 4 + (-3 - -7 - 5 - -6) - 5.
4
Evaluate (13 - 15) + -6 + -20 + (-8 - -9).
-27
Evaluate 6 + 14 + -1 + (-13 - -4) + -36.
-26
What is the value of -12 + 22 + (1 - 0)?
11
Calculate (0 - -4) + -3 + -1 + -5.
-5
(13 - (-5 - -14)) + 0 + -2
2
What is -230 - -249 - (17 + -2)?
4
What is the value of 5 - (-12 + 11 + 11 + -22 + 11)?
6
Calculate 62 - 50 - (2 - -33) - (-12 - -4).
-15
What is -41 + 24 + 25 + -36?
-28
6 + -26 + 48 + -10
18
What is (-1 - 8 - -18) + -15 + (0 - 1)?
-7
25 + 0 + -15 + 0
10
What is the value of 9 + (-71 - 11) + 38?
-35
Calculate 0 + (-163 - -159) + -7 + 0.
-11
What is the value of -17 + 0 + 14 + 5 + 2?
4
Evaluate 10 - (8 + -9 + 4).
7
(-7 - -4) + -23 - -28
2
(10 - 0 - (30 + -2 + -26)) + -30
-22
-1 + -2 - (3 + 11 + -22) - 44
-39
What is the value of 0 + -18 - (-11 - 0 - (-178 + 172))?
-13
Calculate 2 - 32 - (200 + -212).
-18
What is (-13 - -17 - 3) + -3?
-2
What is the value of 2 + -24 - (-1 + 5 + -18 + 4)?
-12
(9 - 3) + 7 + (6 - 0)
19
Calculate (93 - 93) + (-3 - -1).
-2
What is the value of -32 + ((18 - 10) + -8 - -10)?
-22
What is the value of 8 + 2 - (19 + (-19 - (-22 + 10)))?
-2
Calculate -119 + 97 + (-1 - -19).
-4
Calculate (-5 - -5 - (5 + 1 + 7)) + -4.
-17
Calculate -12 + (24 - (20 - 26)).
18
What is -8 - -6 - (10 - -8 - 10)?
-10
Evaluate (-25 - -11) + 26 + (3 + 0 - 11).
4
What is -6 - (10 + 23 + -26)?
-13
Evaluate 2 - 3 - (-5 + -17).
21
118 - 71 - 68 - (-9 + 1)
-13
Evaluate 18 + 13 + -41 + (0 - (1 - -12)).
-23
What is the value of -15 - 0 - ((-35 - -76) + -37)?
-19
Evaluate 1 + 0 - -5 - (4 - 1 - 4).
7
Calculate 14 - (35 + (2 - 8) + -15).
0
Calculate -23 - (-19 - (-29 + 20)).
-13
Evaluate 2 + -9 - (0 + -2 - 6) - -4.
5
(-1 - (11 - 16)) + 9 + -1
12
(6 + -3 + -1 - 4) + 10 + 1
9
Calculate -30 - -14 - (-11 + 3).
-8
Calculate (5 - (9 - (-8 - -12))) + -7.
-7
Evaluate (9 - 10) + 8 - 16 - 4.
-13
What is 